h(d) = 13*d**3 - 2*d**2 + 2*d - 1. What are the prime factors of h(q)?
2, 3
Let n be (-354)/(-11) + (-4)/22. Suppose 3*a - 5*k + k = n, 2*k - 36 = -5*a. What are the prime factors of a?
2
Suppose -3*y + 304 - 91 = 0. What are the prime factors of y?
71
Let z(k) be the first derivative of 4*k**3/3 + 3*k**2/2 + k + 4. Let l(t) = 3*t**2 + 2*t. Let a(x) = -5*l(x) + 4*z(x). What are the prime factors of a(-5)?
19
Let p(r) be the second derivative of -r**3/6 - r**2 - r. Let t be p(-5). Suppose 5*l - l - 5 = w, -5 = -2*w + t*l. What are the prime factors of w?
7
Let r = 92 - 134. Let h = -25 - r. Let l = h - 6. List the prime factors of l.
11
Let o(r) = -r + 8. List the prime factors of o(-7).
3, 5
Suppose -2*u - 3*u + 15 = 0. List the prime factors of 164/10 + u/5.
17
List the prime factors of ((-5)/(-3))/((-2)/(-36)).
2, 3, 5
Let j = -263 + 409. What are the prime factors of j?
2, 73
Let v be (0/2)/(1*-1). Suppose -5*h = -4*i - 126, -2*h + i + v*i = -48. Let s = h - 10. What are the prime factors of s?
2, 3
Let g = 109 + 28. List the prime factors of g.
137
List the prime factors of 69 + -1 + (-16 - -13).
5, 13
Suppose -2*f = 2, 4*o + 75 = 5*o + 2*f. List the prime factors of o.
7, 11
Let y = -7 - -13. Let r = y + 16. List the prime factors of r.
2, 11
Let d be (-2 - -3)*(0 - 3*2). Let b(q) = -7*q**2 - 11*q + 8. Let m(o) = o**2 + o - 1. Let i(g) = -b(g) - 6*m(g). List the prime factors of i(d).
2
Let y = -1 + -11. Let q = -13 - 8. Let d = y - q. What are the prime factors of d?
3
Let g(r) be the second derivative of 0 + 1/2*r**2 + 1/4*r**4 + 1/3*r**3 - 2*r. List the prime factors of g(-2).
3
Let k(u) = u**3 - 13*u**2 + 18*u - 11. What are the prime factors of k(12)?
61
Let l(p) = p**3 - 2*p**2 - 7*p + 5. List the prime factors of l(5).
3, 5
Suppose v = -s + 133, -2*s + s + 133 = -4*v. Suppose 4*f - m = s, f - 52 = 4*m - 0*m. What are the prime factors of f?
2
Let t = 35 - -12. List the prime factors of t.
47
List the prime factors of -6*(-2 + 2 - 6).
2, 3
Suppose 0 = -5*r + 2*r + 6. Let k(l) = -14 + 7 - 3*l**2 + 2*l**3 + 3*l + 4. List the prime factors of k(r).
7
Let x(l) = 2*l**2 - 7*l + 3. Let j be x(6). Suppose n + 2*n - j = 0. List the prime factors of n.
11
Suppose -5*y = -5*k - 90, -2*k - 59 = 4*y - 143. What are the prime factors of y?
2, 5
Let g(p) = -p**2 + 2*p + 18. Let b be g(9). List the prime factors of ((-288)/b)/(4/30).
2, 3
Let p = -21 + 64. Let n = p - 24. What are the prime factors of n?
19
List the prime factors of (-1 - -9)*(-2)/(-4)*7.
2, 7
Suppose 0 = d - 2*b - 51, 3*d + 5*b - 300 = -2*d. Suppose -3*i + 9 = d. List the prime factors of (-2 + i)*3/(-6).
3
Let i(q) = q**3 - 9*q**2 + q - 9. Let w be i(9). Let s(v) = v**2 - v + 20. What are the prime factors of s(w)?
2, 5
Let v(q) = q**2 + 3*q + 2. Let b(t) = -t**2 - 6*t - 1. Let m be b(-5). What are the prime factors of v(m)?
2, 3, 5
Suppose 2*f - 4*f + 88 = 5*i, -f = 1. Let s = -8 + i. List the prime factors of s.
2, 5
Suppose 0 = 2*k + 4*z - 2, 3*k + 4 = 2*z - z. Let t(j) = 13*j + 1. Let x be t(k). Let i = 20 + x. List the prime factors of i.
2
Suppose 2*j - 52 = 36. List the prime factors of j.
2, 11
Suppose -2*o = 3*o - 40. List the prime factors of (4/o)/(1/8).
2
Suppose 4 - 2 = -3*f - t, 0 = -4*f + 2*t + 4. What are the prime factors of (1 - 1) + f + 25?
5
Let r(n) be the second derivative of -2*n**3/3 + 3*n**2/2 - n. Let w be r(3). List the prime factors of ((-3)/w)/((-1)/(-6)).
2
Let a(d) = 11*d + 7. What are the prime factors of a(3)?
2, 5
Let s = 187 + -127. Let o be ((-8)/20)/((-2)/s). Suppose -w + o = -0*w. What are the prime factors of w?
2, 3
Let l(a) = -13*a - 5. What are the prime factors of l(-3)?
2, 17
Let m be -2*(22/(-4) - -1). Suppose -3*u + 26 = -2*j, 3*j + m + 9 = u. List the prime factors of u.
2, 3
Suppose 15*h = 4*h + 891. What are the prime factors of h?
3
Suppose -2 = 2*n + 4. Let s(t) = t**3 + 5*t**2 - 5*t - 3. List the prime factors of s(n).
2, 3, 5
List the prime factors of ((-64)/20)/((-2)/10).
2
Suppose 4*r + 70 = d, 4*r = 2*d + r - 165. List the prime factors of d.
2, 3, 5
Suppose 0*n + 20 = 2*n - 4*c, -n = 3*c + 5. What are the prime factors of n?
2
Suppose -17 = -a + 5*p, 5*a + 6*p = 2*p - 2. Suppose 2*k = 3*k - a, -2*q + k + 16 = 0. What are the prime factors of q?
3
Let f(z) = 2*z**2 + 2*z. Let j be f(2). Let v = -11 - -11. Let q = j + v. List the prime factors of q.
2, 3
Let i(d) = d + 12. What are the prime factors of i(11)?
23
Let a = -3 + 3. Suppose a*m - m = -8. Let y = m - -3. List the prime factors of y.
11
Suppose 3*d - 79 = -2*o - 0*o, 0 = -2*d + 2. List the prime factors of o.
2, 19
Suppose -j - 4 = -4*f, -2*f - 16 = -4*j - j. Let h be (-4 - -4)*(f - 3). Suppose h = -3*u + 49 - 13. What are the prime factors of u?
2, 3
Let b = 573 - 371. What are the prime factors of b?
2, 101
Suppose 0*m + m + 4*g = 94, 3*m - 300 = -3*g. List the prime factors of m.
2, 3, 17
Let t be 1/2*(1 - 5). List the prime factors of t/(((-4)/(-14))/(-1)).
7
Let v(u) = 119*u - 10. What are the prime factors of v(2)?
2, 3, 19
Suppose -2*x + 37 = 5*g, 3*g = 2*x - g + 8. Let m = 4 - x. Let r = m - -9. What are the prime factors of r?
7
Let g be 170/15 + 2/(-6). Suppose -64 = 7*s - g*s. List the prime factors of s.
2
Let d = -45 - -96. What are the prime factors of d?
3, 17
Let v = 135 - 75. Suppose -7*h + v = -3*h. List the prime factors of h.
3, 5
Let u(a) = -2 + 4*a + a**3 - 1 + 4*a**2 + 2. Let d be u(-3). List the prime factors of (-1 - 0)/(d/20).
5
Suppose 4*c + 0 + 3 = -3*a, -4*a = -3*c + 29. Suppose -3*s - c*t + 26 = -13, -3*t = 4*s - 47. What are the prime factors of s?
2
Suppose -4*c = 4*g + 71 - 1311, -3*g + 4*c + 923 = 0. What are the prime factors of g?
3, 103
Let f be 10/(-30) - (-1)/3. Suppose 2*c - c - 37 = f. List the prime factors of c.
37
Suppose -9 = -f - 2*f. Suppose f*h - 20 = -h. Suppose -4*z + 12 = -0*p + 5*p, h*p + 28 = z. What are the prime factors of z?
2
Let z = 424 - 239. What are the prime factors of z?
5, 37
Let w be -32*2/((-16)/10). Suppose -t + w = 3*u, -3*u + 6*t + 52 = t. List the prime factors of u.
2, 7
Suppose t + 4*d = -t - 12, 10 = -3*t - 2*d. What are the prime factors of (t + (-11)/(-4))*12?
3
Let r(j) = 18*j - 24. List the prime factors of r(14).
2, 3, 19
Let p be (-14)/((-2*1)/1). Suppose -2*q + 3*s = -5 - 15, -q = 2*s - 10. Let z = q + p. List the prime factors of z.
17
Let z(k) = -k**2 - 11*k - 7. Let u be z(-10). Suppose u*g - 57 + 3 = 0. What are the prime factors of g?
2, 3
Let i(z) be the second derivative of 1/3*z**3 + 0 - 3*z - 7/2*z**2. What are the prime factors of i(8)?
3
Suppose 0 = -l - 3*l + 68. Let m = l + -5. What are the prime factors of m?
2, 3
Let c(n) = -n**2 - 6*n + 9. Let m be c(-7). Suppose -m*w + x - 18 = 3*w, -x - 6 = 3*w. List the prime factors of 8 - w - (3 - 1).
3
Suppose -4*x - h + 338 = -6*h, 4*x - 334 = 3*h. List the prime factors of x.
2, 41
List the prime factors of (-2 + -2)/8*-20.
2, 5
Let d(x) = x - 3. Let n be d(8). Suppose 2*y - a = -7, -y - n*a + 0 = 9. What are the prime factors of y/10 - 66/(-15)?
2
Let a = 1 - -14. Let d = -2 + 13. Let t = a - d. What are the prime factors of t?
2
Suppose -2*q - 29 = -137. What are the prime factors of q?
2, 3
Let g(f) = 14*f**2 + 2*f - 1. Let b(j) = j - 11. Let l be b(12). List the prime factors of g(l).
3, 5
Let m = 4 - 3. What are the prime factors of (-18)/(-2) + (m - 4)?
2, 3
Let a(j) = -9*j**2 + 8*j - 8 + 12*j**2 + 8*j**2 + j**3 + 0. What are the prime factors of a(-10)?
2, 3
Let i be 275/(-22) - (-1)/2. List the prime factors of (-142)/(-4) - i/(-8).
2, 17
Suppose 0 = -7*i + 8*i - 52. List the prime factors of i.
2, 13
Let l(s) = 5*s**2 - 6*s - 2. What are the prime factors of l(3)?
5
Let b(d) = -6*d - 3. List the prime factors of b(-2).
3
Suppose -b = 3*b - 12. Suppose b = -2*q + 9. List the prime factors of q.
3
Suppose 0 = -5*m - 0 + 10. Suppose 0*n + m*n = -8. What are the prime factors of n/(-10) - 53/(-5)?
11
Suppose 2*a = 4*a - 22. List the prime factors of a.
11
Let j = 5 - -47. List the prime factors of j.
2, 13
Let h be -2*3/6*-4. Suppose 17 = h*k - 51. Suppose 3*s - 45 + k = -5*j, 0 = -5*j - s + 26. What are the prime factors of j?
5
Suppose 2*d = 77 + 7. List the prime factors of d.
2, 3, 7
Let i(f) = -3*f**3 + 5*f**2 - 3*